 + p. Let h(w) = -4*f(w) - s(w). Let i be 3 - (3 + (1 - 7)). What is the tens digit of h(i)?
3
Suppose 4*o - 10 = 4*f + 22, f = -2*o + 4. Suppose -4 = o*a - 12. Suppose b - 3*b + 6 = d, 0 = b + a*d + 3. What is the units digit of b?
5
Suppose h + 5*u = 1467, 11*u - 1507 = -h + 14*u. What is the units digit of h?
2
Let j(b) = 54*b**2 + 201*b + 1. What is the tens digit of j(-7)?
4
Let b(r) = 3*r**2 - r. Let k be b(1). Suppose 50 = k*l + 4*o, -5*l + 190 = -5*o + 2*o. Suppose 4*c + l = 123. What is the units digit of c?
2
Let b be -20*3/((-75)/110). Suppose 3*d + d = b. What is the tens digit of d?
2
Suppose -274*s + 285*s - 46783 = 0. What is the tens digit of s?
5
Let i(r) = -6 - 7 - 5 + 6 - 3*r. Let p be i(-5). Suppose -u = 0, v + 0 = -2*u + p. What is the units digit of v?
3
Let y(b) = 6*b - 4*b - 10 + b**2 + 0*b. What is the units digit of y(-5)?
5
What is the tens digit of 181 - 175 - -844*1?
5
Suppose -2*k = -5*l + 4696, -22*l + 26*l - 3768 = -4*k. What is the hundreds digit of l?
9
Let b = 2995 + 2785. What is the units digit of b?
0
What is the thousands digit of (15 + 931/(-38))/(2/(-344))?
1
Let s = -11 - -14. Let i(b) = 2*b**2 + 3*b - 1. Let l be i(s). Let o = l - 18. What is the units digit of o?
8
Let k = -2 - -6. Suppose 0 = 5*d, 2*d - d = 4*c + k. What is the tens digit of (c + 0)/(2/(-22))?
1
Let h = 108 - 97. Suppose -h*b - 2*b + 3146 = 0. What is the tens digit of b?
4
Let t = -7 - -11. Suppose t*w = -202 - 22. Let h = 87 + w. What is the tens digit of h?
3
Suppose 170 - 42 = 2*t. What is the tens digit of t?
6
Suppose 0 = -5*f - 3*w - 20, -46 = 5*f - 4*w + 9. Let i be 2/f + (-5085)/(-35). Suppose 0 = -7*r + 2*r + i. What is the tens digit of r?
2
Suppose 12*g = 4*g + 1280. What is the units digit of g?
0
Let r = 31 - 29. Suppose 0 = r*d + 14 - 20. Suppose -d*k + 214 = 5*l, 0 = 2*l + 2*l - 3*k - 182. What is the tens digit of l?
4
Let u = -3 - -8. Suppose v + 48 = k, 2*k - k + u*v - 60 = 0. Suppose -4*c - 6 = -k. What is the tens digit of c?
1
Let v = -44 - -84. Let q = v - 38. What is the units digit of q?
2
Let t = -293 - -303. What is the tens digit of t?
1
Let c be (-22)/(-12) + 2/12. Let j = -170 - -238. What is the units digit of 1/2*j/c?
7
Suppose 36*g - 13*g = 11247. What is the hundreds digit of g?
4
Suppose -13*k + 740 = -1054. What is the tens digit of k?
3
Let u be (3 + -8)*244/(-20). Suppose -u = -g + 11. What is the tens digit of g?
7
What is the tens digit of (1500 - 1)*(-35)/((-175)/10)?
9
Suppose g = p + 41 - 234, -5*p - 3*g + 989 = 0. What is the units digit of p?
6
Suppose -3*d = p + p - 491, 0 = 3*d + 15. What is the hundreds digit of p?
2
Let g(z) = -z - 16. Let w(c) = 8. Let b(t) = -3*g(t) - 7*w(t). Let o be (-3)/(-18) - (-355)/30. What is the tens digit of b(o)?
2
Let i(y) = 48*y - 41. Let n be i(-5). What is the tens digit of (n/(-3))/((-4)/(-12))?
8
Let a(f) = 2*f**2 + 8*f + 7. Suppose -13 - 2 = 3*w. What is the units digit of a(w)?
7
Let n = -2 - -7. Suppose -13 = 3*t - f, 5*f + 0 - n = 0. Let d = 3 - t. What is the units digit of d?
7
What is the hundreds digit of (-5062)/(-14) - ((-24)/(-28))/(-2)?
3
Suppose -397*p = -401*p + 13280. What is the tens digit of p?
2
Let z = 612 + 1573. What is the thousands digit of z?
2
Suppose -4*a + 275 - 7 = 0. Let c = a - 33. What is the units digit of c?
4
Let b = 22 - -128. What is the tens digit of b?
5
Let w(r) be the first derivative of 2*r**3/3 + 5*r**2 + 10*r - 44. What is the units digit of w(-4)?
2
Let d be 670/(-4)*(-3 + 5). Let y be d + (-1 - 2)/(-3). What is the units digit of y/(-10) - (-3)/5?
4
Let q(a) = a - 1. Let o be q(11). Suppose -2*v + o = 3*v. Let m(b) = 10*b**3 - 2*b**2 + 1. What is the units digit of m(v)?
3
Suppose 0*z = -2*g + 3*z + 3249, 1637 = g + z. What is the tens digit of g?
3
Let y(v) = v**2 + 16*v + 29. Let k(h) = -5*h - 74. Let m be k(-11). What is the tens digit of y(m)?
8
Suppose -16*y + 2506 = -9*y. What is the tens digit of y?
5
Suppose -9*l + 3985 = -47. What is the hundreds digit of l?
4
Suppose -2*x = 43 + 1. Let a = 87 - x. What is the units digit of a?
9
Let v = 44 + 123. What is the tens digit of v?
6
Suppose -8*q - 366 = -2*q. Let z = 85 - q. Suppose 5*y - 381 = -z. What is the units digit of y?
7
Let h(r) = -r + 34. Let u be h(-8). Suppose 0*g + 6*g - u = 0. What is the units digit of g?
7
Suppose 5*r - 1656 - 182 = -4*u, 0 = u + 3. What is the hundreds digit of r?
3
Let a be (-1 - 21)/(-12 + 11). Let k = a + -18. Suppose k*s + s = 125. What is the tens digit of s?
2
Let c = -33 + 36. Suppose c*b = 9*b - 30. Suppose 0 = 2*z - 4*o + o - 49, 2*z - b*o = 43. What is the tens digit of z?
2
Let r = 892 - -1233. What is the units digit of r?
5
What is the tens digit of (-21 - -1832)/(2 + -1)?
1
Suppose -10*i = 23*i - 57816. What is the units digit of i?
2
Let f(w) = -82 + w + 19*w**2 + 0*w + 88. What is the hundreds digit of f(3)?
1
Suppose 5*n - 58 = -u, -u - 30 = -4*n + n. Suppose -4*c + 5 + n = 0. Suppose -c*o + 0*o + 292 = 0. What is the tens digit of o?
7
Let u = 6081 - 2180. What is the units digit of u?
1
Let w = -198 + 315. Suppose j - w = -2*j. What is the units digit of j?
9
Suppose 5*q - 5*d = 15, -6 = -2*q - 5*d + 7. Suppose -q*x = -211 - 13. Suppose -x - 24 = -4*l. What is the units digit of l?
0
Suppose 18*d - 21*d + 2352 = 0. What is the hundreds digit of (-2 - 2) + d/7?
1
Suppose -36*r - 65555 = -185471. What is the thousands digit of r?
3
Let n = 42 + -37. Suppose -2*g - 137 = -4*x - 5*g, 0 = x + n*g - 47. What is the tens digit of x?
3
Let v be 8/6*54/9. Suppose v = -2*o, 5*b = -0*o + 5*o + 20. Suppose -3*w - f + 82 = b, 4*f + 6 = w - f. What is the units digit of w?
6
Suppose 0 = -10*v + 6*v - 5*y + 1113, -y = -4*v + 1083. What is the units digit of v?
2
Suppose -2*q = -3*y - 4*q + 25, -y - q = -9. Suppose 9 = c - 0*c. Suppose 0 = -4*h + y*h - c. What is the units digit of h?
3
Let l(j) = 140*j**2 + 2*j + 1. Let k(p) = p**3 + 6*p**2 + 2*p + 11. Let b be k(-6). What is the hundreds digit of l(b)?
1
Suppose -776 = -5*g - 5*a - 236, 0 = -5*g + 4*a + 576. What is the tens digit of g?
1
Let a(h) = -h**3 - 7*h**2 + 9*h + 8. Let j be a(-8). Suppose j*t - 2*s - 29 = -t, 5*s = 4*t - 131. What is the tens digit of t?
3
Let i(q) be the second derivative of -q**6/240 - q**5/60 - 2*q**4/3 + 3*q. Let p(z) be the third derivative of i(z). What is the tens digit of p(-13)?
3
What is the hundreds digit of 22/132 - 4618/(-12)?
3
Let f(c) = -2*c**2 + c + 1. Let y(h) = -13*h**2 + 8*h + 9. Let l(x) = 6*f(x) - y(x). Let a be (1 - 0)/(3/15). What is the units digit of l(a)?
2
Suppose -2 = 3*g - 14. Suppose -3*t = 5*o - 345, -164 = -3*o + o + g*t. What is the units digit of o?
2
Let h = -25 + 24. What is the units digit of 4/(-2) + (-174)/(h + -1)?
5
Let i(w) = -w**2 - 6*w + 24. Let n be i(-11). Let p = n - -110. What is the units digit of p?
9
Let f(c) = c**2 + 5*c + 8. Let b be f(-5). Let a(v) = 9*v - 35. What is the units digit of a(b)?
7
Suppose 5*k - 26 = -2*h, 0 = 4*h + h - k - 92. Suppose -2*c - 2*l = 22, -2*c + 3*l - 4*l = 17. Let d = h + c. What is the units digit of d?
2
Let z = -13 + 25. Suppose 0 = 3*q - 3 + z. What is the tens digit of 53/3 - 1/q?
1
Let u(x) = x**3 + x**2 + 2*x - 1. Let w be u(-2). Let f = 9 + w. Suppose 5*n = 3*q - 180, 4*n = -f*n. What is the units digit of q?
0
Let i be (-3)/((18/15)/(-2)). Let n = 322 + -112. Suppose n - 60 = i*s. What is the units digit of s?
0
Let m(v) = v**3 + 26*v**2 - 15*v + 12. What is the tens digit of m(-15)?
1
Suppose -4*o - 5637 = -5*u, -4*o = 4*u + u - 5613. What is the tens digit of u?
2
Let x = 44 + -41. Suppose 9*k = x*k + 222. What is the units digit of k?
7
Let z be (0 - -1)*(-30)/(-10). Suppose -2*t = -z*m - m - 80, t = m + 36. Suppose 6*g - 22 = t. What is the units digit of g?
9
Let y(i) = -2 - 1 - 7*i - i + 12. Let g(v) = v**3 - v + 1. Let x be g(-2). What is the tens digit of y(x)?
4
Let f(j) = -3*j - 28. Let r be f(-4). Suppose 2*n = 2*a + 80, -5*n - 3*a = -2*n - 114. Let b = r + n. What is the tens digit of b?
2
Let g(o) = o**3 + 5*o**2 + 4*o - 1. Let b be g(-4). Let r be (b - 3)*(-21)/(-14). Let q(m) = -10*m - 13. What is the tens digit of q(r)?
4
Suppose -4*j = -z - 2*j + 251, 3*j = 2*z - 507. Let l = z + 33. What is the units digit of l?
4
Let u = 2